t g(x) = -z*x - x**j + 7 + 114*x + 2*x**2 + 5*x**2. What is g(6)?
-11
Let d(w) = -35*w + 0*w**3 + 41*w - 2*w**3 - 4 - 7*w**2 + 3*w**3. Give d(6).
-4
Let i be -6 + -3 + 6/(-5*27/(-90)). Let w(g) = 7 - 3 - 3*g**2 + 0 - 5*g + 7*g**2 + g**3. Calculate w(i).
4
Let x(l) = l. Let d(b) = -6*b - 36. Suppose 0 = -f, -5*t - 4*f - 246 - 1154 = 0. Let o be t/49 - 2/7. Let v be d(o). Give x(v).
0
Let o(w) = w**3 + 7*w**2 + 5*w + 3. Let f be o(-6). Suppose 130 = -7*y + 144. Let r(i) = -i**2 - 9 + 12*i + 0*i - i + 0*i**y. Determine r(f).
9
Let a(z) be the first derivative of -z**3/3 - 13*z**2/2 + 21*z - 3250. Calculate a(-14).
7
Let k = -18 - -45. Let t be (-130)/(-4) + k/18. Let n = t - 37. Let r(c) = -c**3 - 4*c**2 - 5*c - 2. Give r(n).
4
Suppose -11 = -3*c + 4*r - 3*r, -4*r = 8. Let n = -3 - -4. Let d(p) = 2*p + n + 3*p - 4 - 2*p. What is d(c)?
6
Suppose 4*d + 5*b - 166 = 281, -5*d + 534 = -2*b. Let s(z) = -6*z + d + z**2 + 112 - 226. What is s(5)?
-11
Let b(i) = 2 + 6*i - 5*i - 3 - 3. Let a be (28/42)/((-1)/(-6)). Give b(a).
0
Let k(p) = -p**3 + 21*p**2 - 16*p + 53. Let x be k(20). Let i(b) = b**2 - x - 3*b + 133. Determine i(4).
4
Let c(l) = 501540*l**2 - 501532*l**2 + 2*l + 2 + 0. What is c(-2)?
30
Let v = -32 + 109. Let b = v - 73. Let s(t) = -1 - 4 + 3 + b + t. What is s(0)?
2
Let y = -686 - -781. Let b be (-779)/y - (-36)/30. Let a(k) be the first derivative of -3*k**2/2 - 6*k - 1. Determine a(b).
15
Let k(v) = v**2 + 8*v - 5. Let f = 149 + -144. Suppose -5*t = 4*r - 3*r + 44, t + 14 = f*r. What is k(t)?
4
Let y(m) = -86*m**2 + 28*m - 7. Let d(x) = -19*x**2 + 7*x - 2. Let p(n) = -9*d(n) + 2*y(n). Let w = -15 - -32. Suppose 7 + w = -4*g. Calculate p(g).
10
Let o(g) = 5*g**3 + 12*g**2 - 9*g + 26. Let c(j) = -7*j**3 - 11*j**2 + 7*j - 26. Let t(x) = 3*c(x) + 4*o(x). Calculate t(14).
12
Let q(a) = -a**2 - 26. Suppose d - 3*y = 53 + 16, -5*d - y = -281. Suppose -3*z + 6*z - 171 = 0. Let o = d - z. Determine q(o).
-26
Let w = -136/155 - -1493/465. Let j(s) be the first derivative of w*s**3 + 28 - 9/2*s**2 + 4*s - 1/4*s**4. Determine j(6).
-14
Let c(y) = -16*y**2 - 6*y - 3. Let f(a) = -36*a**2 - 6*a - 5. Let n(z) = -7*c(z) + 3*f(z). Determine n(-5).
-14
Let m(v) = 2*v - 5. Suppose 61 = 4*u + y, -y + 0 + 1 = 0. Suppose 4*n - u = n. Let c be m(n). Let d(t) = 3*t + 2. What is d(c)?
17
Let j(c) be the first derivative of -c**5/60 + 5*c**4/24 + 5*c**3/3 + 25*c**2 + 149. Let w(u) be the second derivative of j(u). What is w(6)?
4
Suppose -9*u + 20*u - 22 = 0. Let k(g) = 11*g - 23*g**2 + 31 + 22*g**u - 29. What is k(9)?
20
Let a(k) be the third derivative of k**6/60 - 3*k**5/10 - 2*k**4/3 - 5*k**3 - 45*k**2. Let f be a(10). Let q(m) = m - 9. What is q(f)?
1
Let t be 8/22*(-13)/((-117)/99). Let f(c) = -c**3 + 11*c**2 - 30*c + 10. What is f(t)?
2
Let k = -18 - -13. Let q(d) = -11*d + 7. Let p be q(0). Let o(i) = -p*i + 0 + 9*i + 1. Give o(k).
-9
Let o be (-3)/15 - (-3157)/35. Suppose -10*a + o = 5*a. Let d(i) = i**2 - 9*i + 6. Calculate d(a).
-12
Let u be 1/(-2) - (-98)/4. Suppose 0 = 19*g - u*g + 65. Suppose 16*n + 9 = g*n. Let o(f) = f**2 + f - 3. Determine o(n).
3
Let c(b) = 3*b**2 + 53*b + 35. Suppose -4*p + u - 74 = 0, 4*p + 25 = -3*u - 25. Calculate c(p).
1
Let o(m) be the first derivative of -7*m**3/3 - 5*m**2/2 + 7*m + 374. Calculate o(5).
-193
Let c(a) = a**3 + 9*a**2 + 146 - 234 + 76 - 12*a. Determine c(-9).
96
Let r be ((-2)/6 - -1)*957/22. Suppose -i = -5, -5*y + 2*y - 4*i = -r. Let n(c) = 5*c - y*c - 9*c + 2*c. Determine n(4).
-20
Let q(i) = -2*i - 8. Let s = -275 + 340. Let w = 59 - s. Give q(w).
4
Suppose 2*y + 1084*t - 52 = 1081*t, 4*y - 2*t = -40. Let a be (-68)/(-12) - (-1)/3. Let z(r) = -r + r + a*r. Calculate z(y).
-6
Suppose -21 = 3*p + 5*a, a = -p + 4*a + 7. Suppose 0 = -t - 45 + 128. Let j(b) = -2*b**2 + 3*b + t - 86 - b**3 - 6*b. What is j(p)?
3
Let c be (-4 - 22/(-6))*2 - 412/12. Let y(k) = -3*k**2 - 104*k + 37. Determine y(c).
2
Let l(v) = -v**3 + 9*v**2 - 2*v - 11. Suppose -5*b + 144 = 4*u - 6*u, -360 = 5*u + 4*b. Let f be (12/1)/(u/(-54)). Calculate l(f).
-29
Let t(l) be the third derivative of -7*l**5/60 - l**4/24 - 7*l**2. Suppose -32 = s + 17. Let o = s + 48. Determine t(o).
-6
Let r(t) = -t**2 + 1328*t + 136704. Let c be r(-96). Let a(u) = 3*u + u - 3*u + 36. Calculate a(c).
36
Let a(c) be the second derivative of 5/3*c**3 + 192*c - c**4 + 1/20*c**5 + 2*c**2 + 0. What is a(11)?
-7
Suppose -4*y + y = 45. Let g(v) = 333*v**2 + 142*v + 67. Let b(k) = -29*k**2 - 13*k - 6. Let c(n) = -23*b(n) - 2*g(n). What is c(y)?
4
Suppose b - 4*w - 26 = 0, -3*b + 5*w = w - 38. Let p(q) = -4741*q**2 - 7 + 9483*q**2 + 5*q - 4743*q**2. What is p(b)?
-13
Let u(m) = m**3 + 12*m**2 + 15*m + 16. Let a = -1008 - -997. Calculate u(a).
-28
Let h(o) = -16*o - 15. Let t be 1/(-2)*(-18 - (-260)/13). Determine h(t).
1
Let g(c) = -11*c**2 - 103*c - 37. Let b = 18777 + -18786. Give g(b).
-1
Let f(u) = 2*u + 185 - 3*u**2 - u**3 - 2*u**2 - u - 79 - 101. Calculate f(-5).
0
Let l(g) be the second derivative of g**4/12 + 17*g**3/6 - 21*g**2 + 1013*g + 2. Calculate l(-18).
-24
Let k(r) = -668*r**2 + 0*r + r**3 + 673*r**2 + 2 - 6*r. Suppose 2*m = -4*x - 18, x = 3*m - x - 5. Let i be (-3 - (m - 1)) + -5. What is k(i)?
2
Let d(u) = -u**2 - 18 + 6*u - 14 + 33. Let z(n) be the second derivative of -n**5/20 + n**4/3 + 5*n**3/6 + 3*n**2 + 14*n. Let l be z(5). Calculate d(l).
1
Suppose -4*m + 186 = 5*p, -3*p + 4*m - 8*m = -118. Let k = p - 32. Suppose 0 = -30*s + 31*s - k. Let q(o) = -6*o + 2. Give q(s).
-10
Let n(j) = -31*j + 55*j - 23*j - 8 - 4. Suppose a - 5*a - 8 = 4*h, 5*a = h + 8. Let v = a - 1. Determine n(v).
-12
Let b(d) = -7*d**3 + 13*d**2 + 43*d + 9. Let f(h) = 2*h**3 - 4*h**2 - 13*h - 3. Let k(r) = -3*b(r) - 10*f(r). Give k(0).
3
Let b(l) be the second derivative of -l**5/20 - 2*l**4/3 - 2*l**3 + 9*l**2/2 - 15*l. Let c be b(-5). Let d(f) = -f**2 - 7*f + 2. Calculate d(c).
8
Let j(v) be the first derivative of 4*v**2 - 6*v - 733. Determine j(4).
26
Let t(d) = -d**2 - d. Suppose w - 3*w = -8. Suppose 6*h = -3*b + h + w, -2*h - 17 = -5*b. Suppose 0 = b*g - 2*g - 5*g. Calculate t(g).
0
Let m(c) = -32*c + 253. Let x(k) = -55*k + 8148. Let h be x(148). What is m(h)?
-3
Let z(s) = -s**2 - 2*s - 4. Let k = 654 + -651. Let c(o) = o**3 + o**2 - 15*o + 5. Let v be c(k). Calculate z(v).
-12
Let n(k) = 2*k - 3. Let j = -155 - -309. Let f = 158 - j. Determine n(f).
5
Let y(k) = 1 - 8 + k**3 - 2*k**3 + 20 - k**2. Give y(0).
13
Let q(i) = 3*i**3 + 16*i**2 - 3*i - 4. Let x(s) = 13*s**2 + 3 + s + 2*s**3 + s**3 - 5*s**3 - 21*s**2. Let p(h) = -3*q(h) - 5*x(h). Give p(8).
29
Let n be 1 + -6 - 2*10/(-4). Let v(s) = s**3 - 2*s**2 + s - 29. Let j be (-1)/(((-8)/(-6))/(-4)). Let b(w) = w**2 + 1. Let c(h) = j*b(h) + v(h). Calculate c(n).
-26
Let u(i) be the first derivative of -i**3/3 - 2*i**2 + 2. Suppose 0 = w - 72 - 152. Let r = w + -227. Calculate u(r).
3
Let l(u) = -u**3 + 6*u**2 - 6*u + 5. Let k be l(5). Let h(b) = b**3 + 17*b**2 - 37*b + 21. Let j be h(-19). Let y(p) = 1 + k + p - j - 1. What is y(6)?
4
Let t = 23 - 10. Let g(c) = -c - 7 + 1 + t - 3. Let v = 3 - 3. Determine g(v).
4
Let f(z) = 14*z - 794. Let t be f(56). Let c(d) = 2 + 3 + 451*d**2 + d**3 + d - 441*d**2. Determine c(t).
-5
Let m be (-4 - (81/(-20) - (-12)/15))*-4. Let f(z) = 38*z - 119. What is f(m)?
-5
Let y(w) = -3*w + 0*w - 3*w. Let o = -657 - -659. Determine y(o).
-12
Let g(d) = 8*d - 11. Let v(u) = 45*u - 43. Let z(i) = -86*i + 87. Let m(b) = -5*v(b) - 3*z(b). Let w(n) = 9*g(n) - 2*m(n). Calculate w(-3).
-25
Let s(m) = 3*m**2 + m + 15. Let z(v) = -5*v**2 - 2*v - 31. Let d(a) = 7*s(a) + 4*z(a). Let i = -337842 - -337842. Determine d(i).
-19
Suppose 0 = -71*n + 79*n + 63 - 7. Let f(q) = -2*q - 10. What is f(n)?
4
Let a be 280/(-50) - -2 - ((-60)/25)/(-6). Let k(w) = -w**3 - 5*w**2 - 12*w - 9. Calculate k(a).
23
Let v(q) = 8*q**2 - 3*q + 3. Suppose 3*x + 22 = 7*x - 5*a, 0 = -2*a - 4. Calculate v(x).
66
Let w(l) = 16*l**2 + l + 4 + 21*l**2 + 10 - 51*l**2 + 15*l**2. Calculate w(-6).
44
Let h(g) = -g**2 + 2*g + 1. Suppose -9*t = -3 + 3. Let j(b) = b**3 + 2*b**2 + 6. Let a be j(t). Suppose -34*v - a = -37*v. What is h(v)?
1
Let j(o) = -o**3 - 18*o**2 - 16*o + 23. Let b = -79 + 62. Let a be j(b). Let n(h) = -3*h + 9. Calc